08 = 0, 5*j = -148*h + 153*h + 56610. What is the ten thousands digit of j?
1
Suppose -4*d - 62*m + 57*m = -238952, -3*m + 179217 = 3*d. What is the units digit of d?
3
Suppose -4307 = 5*p - 3*v, 2582 = -2*p - p + 4*v. Let w be (1/5)/((-6)/(-780)). What is the tens digit of 14/(-91) - p/w?
3
Let o(u) = u**3 - 38*u**2 - 843*u + 136. What is the units digit of o(56)?
6
Suppose -5*y - 5*y + 230 = 0. Let t(o) = -196*o - 18. Let h be t(y). What is the units digit of h/(-38) - (-32)/(-304)?
9
Suppose -b + w + 13775 = 0, 18959 + 8555 = 2*b + 4*w. What is the ten thousands digit of b?
1
Let i = -30 - -34. Let v be 2*((7 - i) + -2). Suppose 0 = 2*r + v*r - 328. What is the tens digit of r?
8
Let t(c) = -4*c**3 + 22*c**2 - 38*c - 699. What is the thousands digit of t(-16)?
1
Let i(k) = k + 3. Let x = 6 + 0. Let j be i(x). What is the units digit of (6/j)/((-5)/(-165))?
2
Suppose 5*c - 82 = 4*m, -7*c + 47 = -3*c + 3*m. Let v(n) = -4*n + 47. Let h be v(c). What is the units digit of (2/8*-2)/(h/1656)?
2
Let t(j) = -34*j + 18. Let h be (210/55 - 4) + (-150)/22. What is the tens digit of t(h)?
5
Suppose -1760 = 5*d + 2*m, m - 1750 = 5*d + 5*m. Let p = d - -162. Let n = 269 + p. What is the units digit of n?
7
What is the ten thousands digit of 21036 - (-14)/(-91)*91?
2
Let d be (1 - 3)*5/2. Let j(v) = -6*v - 13*v - 5 - 8*v - 3*v + 5*v. What is the tens digit of j(d)?
2
Suppose -j + 0 = -2. Suppose 11 = b - j*g, -4*g = -4*b - 2*g + 20. Suppose 4*r = b*x - 430, -5*x - 5*r = -4*x - 175. What is the units digit of x?
0
Suppose r + 13796 = 2*r - 9*h, 4*h = 8. What is the tens digit of r?
1
Let b(i) = 130*i + 226. What is the thousands digit of b(43)?
5
Let b be (-3 - (-4)/2) + -54. Let t(f) = f**3 + 2*f**2 - 3*f - 4. Let s be t(4). Let g = b + s. What is the units digit of g?
5
Let l(o) = o**3 - 16*o**2 - 14*o - 20. Let g be l(17). Suppose 28*x + 1812 = g*x. What is the units digit of x?
4
Let v be 4*(-8)/(96/(-18)). Let t(z) = 16*z**2 - 11*z - 21. What is the units digit of t(v)?
9
Let s = 2167 - -266. Let l = s - 1635. What is the tens digit of l?
9
Let c = -9138 - -14848. What is the hundreds digit of c?
7
Let q be 5 + -2 + 1 - -1. Suppose 5 = q*k + 3*o, -2*k = -6*o + o - 33. Suppose 3*u - k*y = 119, -u = y + 4*y - 46. What is the tens digit of u?
4
Suppose 6*s + 12 = 0, 4*s - 12633 - 3045 = -2*h. What is the tens digit of h?
4
Suppose 62*x - 1515172 = -121288. What is the hundreds digit of x?
4
Let z be ((-12)/(-5))/(1/220). Suppose -20*y = -18*y - z. What is the units digit of y?
4
Suppose 816864 = 80*p + 545635 - 902291. What is the thousands digit of p?
4
Suppose -2*m - 65*b + 61*b + 32238 = 0, 3*m - 48312 = 3*b. Suppose -4587 = -26*p + m. What is the tens digit of p?
9
Suppose -2*a + 4*w = -70926, -a - 2*w = 2*w - 35511. What is the hundreds digit of a?
4
Suppose 0 = k - 1, -5*y + 3*k + 339 + 203 = 0. Suppose -7 + 0 = u. Let d = y - u. What is the units digit of d?
6
Let q = 150 - -224. Suppose 5*p = 1311 + q. What is the tens digit of p?
3
Let y be 344/(-32)*16/(-2). Suppose y = -3*v - 82. Let c = -24 - v. What is the tens digit of c?
3
Suppose -6*z = -2*z. Let w = z - -22. What is the units digit of (w/(-3))/(1/(-6))?
4
Let z(y) = 8*y + 81. Let k be z(-9). Suppose -5*f + 3*g + 2267 = 0, -12*f + k*f = -4*g - 1369. What is the tens digit of f?
5
Let p be -378*((-40)/(-15) + -2). Let f = 747 + p. Suppose -2*j = 5*s - 488, 6*j - j + f = 5*s. What is the units digit of s?
8
Suppose 5*k - 193 = -2*u + 4*u, -2*k - 5*u = -54. Suppose 3 = -2*l + 5*l. Let g = k - l. What is the units digit of g?
6
Let j(y) = 2*y + 35. Let k be j(10). Let q = k - -36. What is the tens digit of q?
9
Let n = -43 - -46. Suppose 0 = -n*f + 7*f. Let o(b) = 2*b + 84. What is the units digit of o(f)?
4
Suppose -3*f = 2*m - 790, -2*f - 2*m = -3*m - 529. Suppose 9*x = 7*x + f. What is the units digit of x?
2
Suppose 0 = r + 2*q - 1377, 5*r - 75*q + 73*q = 6873. Let o = 2415 - r. What is the thousands digit of o?
1
Let d(w) be the third derivative of 23*w**4/24 - 19*w**3/3 - 20*w**2. What is the units digit of d(12)?
8
Suppose 13 = -3*o + 5*h, -o - 3*o - 4*h = -4. Let s be 113/o + 1 - 4. Let n = 160 + s. What is the tens digit of n?
4
Suppose 148 = -7*m + 176. Suppose m*k = -81 + 4393. What is the thousands digit of k?
1
Let j = -2754 - -29430. What is the thousands digit of j?
6
Suppose 14*h = 95*h - 592191. What is the hundreds digit of h?
3
Suppose 0 = a - 2*m - 5043, 0 = 5*a - 68*m + 64*m - 25179. What is the hundreds digit of a?
0
Let q(p) = -p**3 - p**2 - p. Let j(k) = 6*k**3 + 13*k - 3. Let o(c) = -j(c) - 5*q(c). Let v be o(4). Let b(d) = d**2 + 8*d - 4. What is the units digit of b(v)?
1
Suppose -5*x + 6*x + 5 = -2*a, -3*x - 5*a - 10 = 0. Suppose 5*q + 5*v - 7110 = 0, x*q - v = 8239 - 1135. What is the thousands digit of q?
1
Suppose 42343 - 1441 = 6*a. What is the tens digit of a?
1
Let w = -20 + 24. Let h be -2*(-8)/w*(-3)/(-6). Suppose h*n - k - 3 = 0, 10 + 0 = 5*n - 2*k. What is the units digit of n?
4
What is the hundreds digit of 78/234*(0 + (0 - 15)) - -7041?
0
Let z = -17471 - -53052. What is the hundreds digit of z?
5
Let w(q) = q**2 + 16*q + 63. Let p be w(-9). Suppose p = 14*y - 15*y + 146. What is the units digit of y?
6
Suppose 0 = -5*a + 4*c + 82573, -3*c - 33043 = -2*a - 6*c. What is the ten thousands digit of a?
1
Let y = 761 - -323. Let k = y - 583. What is the tens digit of k?
0
Let l(d) = 10*d + 9. Suppose -6 = -3*z, 4*z - z = 3*n - 174. Let j be ((-13)/(-2))/(30/n). What is the hundreds digit of l(j)?
1
Let r be (-2)/(-3) - (6/4 - 170/204). Let x = 11 + 10. Let g = x - r. What is the tens digit of g?
2
What is the hundreds digit of (-5)/12*-2510 - 191/(-1146)?
0
Suppose -g - 3*k = 34, -8*g + 5*g + 5*k - 172 = 0. What is the hundreds digit of g/28*4 + 1186?
1
Suppose -5*k - 2*l + 185212 = 0, 5*k + 5*l - 190150 + 4935 = 0. What is the thousands digit of k?
7
Let w be (2 - 5)*(-23 + -1). Let g = w + 2. What is the tens digit of g?
7
Let a(o) = -7 - 5*o - 5 + 6*o**2 + 8 - 1. What is the units digit of a(11)?
6
Let u = 52559 - 46952. What is the tens digit of u?
0
Let m(g) be the third derivative of g**5/60 + 3*g**4/8 + 55*g**3/6 - 3*g**2 - 11. What is the tens digit of m(-19)?
4
Let h = 6395 - 2223. What is the hundreds digit of h?
1
Let r(u) = -200*u + 1021. What is the hundreds digit of r(-45)?
0
Let a(u) = u**3 - 7*u**2 - 3*u - 10. Let f be a(8). Suppose -6*x + f = 9*x. Suppose -x*i + 7*i = 5*b - 240, 5*b + 4*i - 258 = 0. What is the units digit of b?
0
Suppose 3*g = 6*g + 9. Let s be (-2 - 0)*(56 + g). Let m = s + 196. What is the tens digit of m?
9
Suppose 14 - 110 = 2*u. Suppose -5*b = -3*a + 90, b + 0*a = -2*a - 18. Let i = b - u. What is the tens digit of i?
3
Let a(d) = 621*d**3 + 9*d**2 - 15*d + 2. What is the hundreds digit of a(2)?
9
What is the ten thousands digit of ((-24524)/(-24)*-4)/((-6)/(18/1))?
1
Suppose -2*x + 2 = 2. Suppose x = -w + 3*g - 106, -2*w - 5*g - 84 - 106 = 0. Let s = w + 273. What is the units digit of s?
3
Suppose 6*h - 1606 = -o + 5*h, -3*o + 5*h + 4794 = 0. Let t = -350 + o. What is the tens digit of t?
5
Let k(s) = 2*s**2 - s. Let n be k(0). Suppose n = 2*r - 3*j + 1, -9 = 4*r - 3*j + 2. Let u = 92 + r. What is the units digit of u?
7
Let y = 241 - 150. What is the tens digit of (526/5)/(y/(-35) - -3)?
6
Let o be 75/(-60) + (-573)/12. What is the units digit of (42/o)/3 - 5581/(-7)?
7
Let m(u) = -5*u + 70. Let c be m(-28). Let g = 593 - c. What is the tens digit of g?
8
Let t(q) = q**3 - 14*q**2 - 23*q - 4. Let i be t(19). Let a = -804 + i. What is the tens digit of a?
6
Suppose 16*l - 41 = 103. Suppose -5*k - l*k = -10794. What is the units digit of k?
1
Suppose 0 = -3*p - 2*t + 2226, -2*p + t + t + 1474 = 0. What is the tens digit of (0 - 3)/((-3)/p)?
4
Let u(q) = -16799*q - 2936. What is the units digit of u(-4)?
0
Let o be (-3)/24 + 546/16. Let h be 1*o + (-5 - -4). Let t = -19 + h. What is the units digit of t?
4
Suppose 13273 = 5*a - 2*a + 5*r, a - 4423 = -3*r. What is the tens digit of a?
2
Suppose -146 - 94 = -20*t. Suppose -9*r + 5*r = -t. Suppose -r*s = 0, -5*k - 3*s + s = -115. What is the tens digit of k?
2
What is the units digit of 20 + (-212751)/(-7) + 16?
9
Let t be 4/1 + 0/3. What is the units digit of (-830